remainder when 19 is divided by m(v)?
8
Suppose 0 = -4*l + 773 - 101. What is the remainder when l is divided by 54?
6
Suppose 0 = 19*t - 28*t + 2259. What is the remainder when t is divided by 80?
11
Suppose -3*c - 75 = k - 6*c, 2*c = -8. Let i = 100 + k. What is the remainder when 25 is divided by i?
12
Let s = -31 + 31. Suppose z - 22 + 2 = s. Calculate the remainder when z is divided by 11.
9
Let x = 64 - 55. Suppose -1 = 4*y - 49. What is the remainder when y is divided by x?
3
Suppose 0*j + 3*j + 63 = 0. Let w = -1 - j. Let z(r) = r**3 + 9*r**2 - 7. What is the remainder when z(-8) is divided by w?
17
Suppose -3*n + n = 16. Let u(f) = -7*f + 7. Let b(g) = g + 10. Calculate the remainder when u(n) is divided by b(6).
15
Let w = -24 - -22. Let k be (3/6)/(w/32). What is the remainder when (30/k + 3)*-36 is divided by 15?
12
Let p(l) = -4*l - 95. Calculate the remainder when 150 is divided by p(-28).
14
Let f = 616 + -336. Calculate the remainder when f is divided by 47.
45
Let k = -107 + 69. Suppose 4*i - 2*v = 394, -i + 4*v + 100 = 3*v. Let d = i + k. Calculate the remainder when d is divided by 20.
19
Let q(b) = 2*b + 4. Suppose -41 = -5*g - 2*d, 0*d + 8 = 2*g - 2*d. Suppose 0 = 8*a - g*a. Calculate the remainder when 15 is divided by q(a).
3
Suppose 95 = 4*n + 83. Calculate the remainder when 6 is divided by n.
0
Suppose 5*t - 35 = -5*q, 3*t - 4 - 8 = 0. Calculate the remainder when 47 is divided by -2 + (q - 24/(-4)).
5
Suppose 504 = 65*f + 7*f. What is the remainder when 22 is divided by f?
1
Let l be 9/(-3)*20*1/(-3). Suppose -s - l = -32. Suppose -4*t + 4*m + 131 = -t, 0 = 3*t - 2*m - 133. What is the remainder when t is divided by s?
9
Let k(q) = 2*q + 61. Let l(s) = -s - 60. Let g(o) = -3*k(o) - 4*l(o). What is the remainder when 74 is divided by g(23)?
8
Let d(p) be the third derivative of p**6/120 - 3*p**5/20 + p**4/4 + 20*p**3/3 - 35*p**2. What is the remainder when d(9) is divided by 32?
30
Suppose q - 9 = 36. Suppose 6*y - 3*y + 2*p = 30, -p = 4*y - q. Calculate the remainder when (-66)/(-2) + 3 + -2 is divided by y.
10
Suppose q - 4 = 0, 0 = -5*j + q + 28 - 2. Calculate the remainder when 9 is divided by j.
3
What is the remainder when 301 is divided by (1940/(-180) - -11) + (-106)/(-9)?
1
Suppose 53 = 5*d - 42. What is the remainder when (1 + (-49)/(-5))/(3/200*10) is divided by d?
15
Let s be (-7)/(-4) + 1/4. Suppose -48 = s*q - 4*q. What is the remainder when 59 + -3 - 6 - 3 is divided by q?
23
Suppose 437 = 24*j - 259. Suppose 3*p - 28 - 20 = 0. What is the remainder when j is divided by (-3)/((-3)/p)*1?
13
Let n = 3035 + -2478. Calculate the remainder when n is divided by 20.
17
Let z(x) = 2 - 7*x**2 + 20*x**2 - 10*x**2 + 10*x. What is the remainder when 28 is divided by z(-4)?
8
Let r = -1468 + 1914. Calculate the remainder when r is divided by 14.
12
Suppose -133 = 8*f - 653. What is the remainder when 248 is divided by f?
53
Suppose -1 = 2*h - 4*k - 27, -5*k + 52 = 4*h. Let m = -2 + 4. Suppose 13 = m*g - 33. What is the remainder when g is divided by h?
10
Let j(b) = -b - 27. Let y be j(-9). Let r = y + 24. Calculate the remainder when -1 - (-2*1 + -10) is divided by r.
5
Suppose -2*i - 5 + 19 = 0. Suppose -52*x + 36 + 68 = 0. What is the remainder when i is divided by x?
1
Calculate the remainder when 2/((-2)/7 + 1670/5600) is divided by 56.
48
Let q(p) = p**3 - 5*p**2 - p + 7. Suppose 17*n + 4 = 19*n. Suppose n*r - 12 = -r. What is the remainder when r is divided by q(5)?
0
Suppose -2*z = 5*m - 56, 60 - 26 = 4*m - 2*z. What is the remainder when 22 is divided by m?
2
Suppose -4*y = -5*g - 259, 4*g = -4*y + 168 + 136. What is the remainder when y is divided by 10/12*8/5*18?
23
Suppose 4*w - 36 + 8 = 0. Let o = w + 18. Calculate the remainder when 48 is divided by o.
23
Suppose 0 = -4*c + 135 - 7. What is the remainder when c is divided by 21 + -9 - (-2 - -1)?
6
Suppose 2*w - 64 = -3*f, -7*w + 20 = f - 5*w. Calculate the remainder when 42 is divided by f.
20
Suppose 75 = -182*j + 187*j. Calculate the remainder when j is divided by 3.
0
Suppose -3*z + 24 = -3*p, -4*z + p = -5*z + 4. Suppose 5*r - 30 = -2*u, -r + z*r - 3*u - 30 = 0. Calculate the remainder when r is divided by 2.
0
Suppose m + 20 = o + 6*m, -2*o + 40 = -4*m. Suppose -2*i = 2*z - 68 + 26, 0 = -i - 5*z + 17. Suppose a + a = i. What is the remainder when o is divided by a?
9
Suppose 0 = 4*j + 3*z - 96, -2*j - 3*z + 64 - 10 = 0. Suppose -j = -g - 2. Suppose -24 = -5*d + 26. What is the remainder when g is divided by d?
9
Suppose 3*k - 2 = -5*n + 4, 2*n = -k + 2. Suppose -r = 2*h - n*r - 13, h + 4*r = 3. Calculate the remainder when 13 is divided by h.
6
Let w(i) = i**3 - 4*i**2 - 5*i + 4. Let f(y) = -y + 12. Let c be f(7). Calculate the remainder when 16 is divided by w(c).
0
Let u(n) = 40*n - 845. Let a = -1 + 0. Calculate the remainder when u(22) is divided by (2*a)/((-1)/6).
11
Let y be ((-5)/(-3))/((-30)/(-36)). Suppose -y*x + 6*x + 44 = 0. Let z = x - -18. Calculate the remainder when 20 is divided by z.
6
What is the remainder when 244 is divided by (1/(-7 + 5))/((-3)/498)?
78
Let v(m) = -1296 + 0*m**2 + 1288 - m + 2*m**2. Suppose 36 = 5*z - 3*g, 3*g = -5*z + 2*z + 12. Calculate the remainder when z is divided by v(-2).
0
Suppose -2*w + 4*m + 33 = 341, -3*w - 437 = -m. Let j = -112 - w. Calculate the remainder when j is divided by 17.
15
Suppose -161 = -3*o + 3*q + q, 2*q = -5*o + 303. What is the remainder when o is divided by 27?
5
Let u(g) = -g**2 - g - 1. Let j be u(-1). Let p be 2*1/j + 6. Suppose -p*a - 4 + 16 = 0. Calculate the remainder when 8 is divided by a.
2
Suppose -c + 267 = 2*c. Suppose 1232 = 10*q + 1082. Calculate the remainder when c is divided by q.
14
Let j(x) = 2*x**2 - 4*x - 1. Let k(p) = p**2 + 3*p - 1. Let f be k(-4). Let b = -9 - -28. What is the remainder when b is divided by j(f)?
4
Suppose -3*v = -3*m - 741, -286*v = -291*v - 2*m + 1200. Calculate the remainder when v is divided by 240.
2
Suppose -12 = -3*a, -2*k - a = -7 - 3. Suppose k*t - 12*t = -702. What is the remainder when t is divided by 17?
10
Suppose 2*l - 3*k = 141 - 53, 4*l - 5*k - 176 = 0. What is the remainder when 657 is divided by l?
41
Suppose 5*o + 1 + 49 = 2*r, 5*r = -4*o - 73. Let x = -8 - o. Suppose 3*a = 5*z + x, -a + 4*z = -1 + 2. What is the remainder when a is divided by 2?
1
Let a(d) = -d**3 + 9*d**2 + 10*d + 31. Let v be a(10). Suppose 30*g = v*g - 173. Calculate the remainder when g is divided by 35.
33
Let n be (-2 + 4)*(-4 - -5). Suppose -n*q + 8 = -q. Calculate the remainder when (20 - 1) + 3/1 is divided by q.
6
Let a be 39 - 0 - (-10 - (-7 - 0)). Calculate the remainder when 41 is divided by 3/a*-4 - 172/(-14).
5
Suppose 3*b - 55 = 5*n, 0 = -3*b - 0*n + 4*n + 53. Suppose 2*u = -5*o + 133, -3*o + 134 = 2*o + u. Calculate the remainder when o is divided by b.
12
Let v(f) = -f**2 + 17*f + 325. Calculate the remainder when v(-11) is divided by 3.
2
Suppose -2*h + 92 = v, -5*h - 9*v + 6*v + 228 = 0. Calculate the remainder when h is divided by 41.
7
What is the remainder when 1046/10 + 2/5 is divided by (6 + (-21)/(-28))/((-1)/(-4))?
24
Let y(b) = 4*b - 23. Let x be y(21). Let i = x + -33. What is the remainder when i is divided by 16?
12
Let o = -301 + 519. What is the remainder when o is divided by 74?
70
Suppose 0 = -6*r + 2*r + 76. Suppose -i + r + 13 = 0. What is the remainder when 95 is divided by i?
31
Suppose 521*c - 526*c + 85 = 0. What is the remainder when 48 is divided by c?
14
Suppose 20*q - 17*q = -5*r, 4*q - 5 = -5*r. What is the remainder when 4/(-10) - 87/(-5) is divided by q?
2
Suppose 3*m = 8*m + 5. Let x be -1 + m/(2/4). Calculate the remainder when 29 is divided by ((-20)/(-5))/(x/(-6)).
5
Suppose 14*w - 13*w = 63. Let b = w - 33. What is the remainder when 56 is divided by b?
26
Suppose 0 = 6*y - 429 - 33. Suppose -y = -11*x + 176. Calculate the remainder when 63 is divided by x.
17
Suppose 0 = -4*w + 2*j - 6*j + 376, 0 = j - 2. Calculate the remainder when 280 is divided by w.
4
Let a = -165 + 322. What is the remainder when a is divided by 40?
37
Let l be 3/(-18) + 3433/6. Suppose -l = -5*m + 178. Suppose -m = -5*s + 5*w, -2*w + 5*w - 3 = 0. Calculate the remainder when 90 is divided by s.
28
Calculate the remainder 